emainder when u(-3) is divided by o.
45
Suppose 22 - 2 = 4*p, x - 21 = -3*p. Let c(y) = 3*y - x*y - 2 + 6*y + y**2. What is the remainder when c(2) is divided by 4?
0
Suppose -2*p - 2*u = -164, 35 = -2*p + 4*u + 181. Suppose -p = 4*z - 99. What is the remainder when 274*(z/2 - (0 - -2)) is divided by 35?
32
Let r(l) = -l**3 - 4*l**2 + 3*l - 11. Let v be 18/24 - 108/16. Let i(c) = -7*c - 6. Calculate the remainder when r(v) is divided by i(-4).
21
What is the remainder when 4 - (3 + 0)/(171/(-23712)) is divided by 37?
13
Let c(q) = 88*q + 757. Calculate the remainder when c(-7) is divided by 116.
25
Suppose -1606 = -2*w + i - 1433, -4*w = i - 337. What is the remainder when 225 is divided by w?
55
Suppose -10*q + 70 = 4*q. Let z(a) = 2*a**3 - 10*a**2 + 3*a + 8. What is the remainder when 1/(-5) + 1698/15 is divided by z(q)?
21
Suppose 23 = 3*l + 4*o, -265 = 3*o - 253. What is the remainder when 257 is divided by l?
10
Suppose -4*l - n + 2*n = -19892, 2*l - 9968 = -5*n. Calculate the remainder when l is divided by 9.
6
Suppose 76 = 58*z - 54*z. Let w(l) = -20*l. Let p be w(-1). Suppose 0 = 3*j + 5 - p. Calculate the remainder when z is divided by j.
4
Let c(f) = f**2 - 3*f + 6. Let w(d) = 4*d**2 - 10*d + 19. Let v(t) = 14*c(t) - 4*w(t). What is the remainder when 46 is divided by v(0)?
6
Let o(d) = -d**2 - 9*d - 6. Let n be o(-8). Suppose -n*g - 2*z = -126, -2*g + 3*g - 79 = 3*z. Calculate the remainder when g is divided by 7/21*(-1 + 52).
16
Suppose 0*c = 3*c + 4*q, 4*q = -4*c. Let s be c - (-1 - 0)/((-4)/32). Calculate the remainder when s/(-52) + 3580/52 is divided by 10.
9
Let d = -62 - -54. Let v be (36/10)/(d/(-80)). Suppose -27*z + v = -24*z. Calculate the remainder when 19 is divided by z.
7
Suppose 0 = -4*w - 3*l + 97, 0 = 1664*l - 1661*l - 9. Calculate the remainder when 2879 is divided by w.
19
Let r = 4708 - 4541. Let d(n) = 11*n**2 - 3*n + 4. Calculate the remainder when r is divided by d(2).
41
Let o(w) = -w**2 + 12*w - 17. Let c be o(14). Let z = 208 + c. Calculate the remainder when z is divided by 29.
18
Suppose 5*b - 23 - 7 = 0. Let l(f) = f**2 + 5*f + 5. Let c(y) = y**2 + 2*y - 1. Let s(z) = -2*c(z) + l(z). What is the remainder when s(0) is divided by b?
1
Let i(m) = -10*m + 118. Let x = -372 - -383. Calculate the remainder when 50 is divided by i(x).
2
Suppose -x = -v + 256, -3*x - v + 3*v = 764. Let a = -116 - x. Suppose 5*q - 2*s = a - 40, 3*q - 45 = -3*s. What is the remainder when 70 is divided by q?
16
Suppose 18208 = 5*c + 21*c - 19726. Calculate the remainder when c is divided by 5.
4
Calculate the remainder when 195 is divided by (-27 - (0 + (-1 - 4)))/(16/(-24)).
30
Let j(g) = -254*g + 241. Calculate the remainder when j(0) is divided by 8.
1
Let v(a) = -9*a - 4. Let c be v(-18). Suppose -j - 2*n = -2*j + c, -2*j + 5*n = -314. Suppose 0 = -8*d - 66 + j. What is the remainder when 71 is divided by d?
11
Suppose -5*q + 3595 + 854 = 674. What is the remainder when q is divided by 21?
20
What is the remainder when 3052/(-3)*(630/(-21) + 27) is divided by 17?
9
Let p(b) = -b**3 + 4*b**2 + 5*b - 1. Suppose h - 2*g = -18, 0*h = 4*h + g + 36. Calculate the remainder when p(4) is divided by (4/h)/((-16)/280).
5
Let p(n) = n**2 + 49. Let f = -324 - -324. What is the remainder when p(f) is divided by 14?
7
Let l = -112 + 114. Suppose -3*f + 17 = -2*c - 1, c + 13 = l*f. Calculate the remainder when 39 is divided by f.
7
Let b be 127/((-6)/4 - (-32)/16). Suppose -v + 82 = t, b = -2*v + 5*v - 5*t. What is the remainder when v is divided by 14?
13
Suppose j - 154 - 962 = -4*l, 5*l - 5*j = 1395. Calculate the remainder when l is divided by 136.
7
Let c be 5 + 2 - (1 + -117). Suppose -8*u = r - 4*u - 123, c = r - u. Calculate the remainder when r is divided by 40.
3
Suppose 3 - 9 = 3*o. Let v be -41 - o*(2 + (-3)/2). What is the remainder when (-50)/v - 222/(-8) is divided by 8?
5
Let g(r) = 564*r - 4417. Calculate the remainder when g(20) is divided by 13.
12
Let p = 5345 - 5316. Calculate the remainder when 947 is divided by p.
19
Let m be 585/30 - (-1)/(-2). Suppose 15*d + 180 = m*d. What is the remainder when d is divided by ((-17)/2)/(3/(-6))?
11
Suppose 270 = 11*h - 9*h. Suppose -16*p + h = -11*p. Calculate the remainder when p is divided by 8.
3
Suppose -8660 = 12*g - 31808. Calculate the remainder when g is divided by 28.
25
Let l(i) = -i**3 - 2*i**2 - 2*i - 4. Let c be l(-3). Let w = c + 27. Suppose 10*n - w = -9*n. Calculate the remainder when 4 is divided by n.
0
Let h be ((-20)/8)/(3/(-66)). Suppose b = -38 + h. Suppose b*r = 20*r - 3. Calculate the remainder when 1 is divided by r.
0
Let b(s) = 2*s**3 + 17*s**2 - 30*s - 1. What is the remainder when b(-9) is divided by 95?
93
Suppose -25 = 5*p, -7*w + 5*w - 5*p = 37. Suppose -5*u = -4*h + 36 + 29, 2*h - 5*u = 25. What is the remainder when w + 7 + 2 + 73 is divided by h?
16
Suppose -156*b - 11697 = -538*b - 2147. Let r(u) = -u**3 + 7*u**2 - 7*u + 7. What is the remainder when b is divided by r(5)?
3
Let c be (0 - 0)*2/(-4). Suppose c = -p + 6*p - 45. Let d(o) = -o**3 - 42*o**2 - 6*o - 217. Calculate the remainder when d(-42) is divided by p.
8
Suppose 0 = -13*d + 3*d + 20. Let b be -4 - (-2 + d) - -10. Suppose -b*s + 40 = -5*s. What is the remainder when s is divided by 14?
12
Suppose 4*l = -5*n + 1154, -1151 = -5*n + 22*l - 23*l. What is the remainder when 430 is divided by n?
200
Let h(o) = o**3 - o**2 + o. Let p(u) = -7*u**3 - 5*u**2 - u - 7. Let j(b) = -6*h(b) - p(b). What is the remainder when j(-11) is divided by 16?
14
Suppose 5*t + 4*v - 218 = 0, 18 + 60 = 2*t - 3*v. Let w = -76 + 132. Let g = -38 + w. Calculate the remainder when t is divided by g.
6
Suppose p = -4*p - 10, -376 = -2*f - 3*p. Let t = f - 160. What is the remainder when 56 is divided by t?
25
Let y be 43 - -5 - (4 + -1). Suppose 11*w = 10*w + y. Let h = 68 - w. Calculate the remainder when h is divided by 5.
3
What is the remainder when (-21)/28*86212/(-21) is divided by 237?
235
Suppose -3*l = 3*p - 96, -4*l = 18*p - 13*p - 125. Suppose -z = -2*s - 178, 4*z = -5*s + 280 + 393. Calculate the remainder when z is divided by l.
32
Suppose -5*t + 2*t = -5*x - 43, 2*t - 32 = 5*x. Suppose t*f - 116 = 7*f. Let y = f - 21. Calculate the remainder when 14 is divided by y.
6
Suppose 6*i - 25758 = -14*i + 19802. Calculate the remainder when i is divided by 757.
7
Let c(i) = -35*i**3 + 2*i**2 + 3*i. Let a(n) = 4*n - 21. Let z be a(5). Calculate the remainder when 46 is divided by c(z).
12
Suppose -n - 29374 = -39*n. What is the remainder when n is divided by 160?
133
Calculate the remainder when (13804/49)/(76/266) is divided by 62.
56
Let l(s) = -6*s - 1. Let f be l(11). Let p = f - -138. Calculate the remainder when 280 is divided by p.
67
Suppose 304*n - 310*n = -102. Calculate the remainder when 191 is divided by 0 + -2 + (n - 7).
7
Let m be (8/10 + 2)*(-80 + -5). Let p = -214 - m. Calculate the remainder when 88 is divided by p.
16
Let r(z) = -3*z**3 - 4*z**2 + 55*z + 277. Calculate the remainder when 1661 is divided by r(-5).
276
Suppose 2640 - 41628 = -57*d. What is the remainder when d is divided by 43?
39
Suppose -22*c + 11*c = -242. Let n be (-24)/9*((-10)/4 + 1). Suppose -5*p = -k - 2*k + 271, -n*k = -4*p - 356. Calculate the remainder when k is divided by c.
21
Let c(w) = -13*w - 5. Suppose 45 = -10*g - 435. Let h = g + 67. Calculate the remainder when c(-9) is divided by h.
17
Suppose 0 = 244*y - 21618 - 17422. Suppose 9*k - 318 - 195 = 0. Calculate the remainder when y is divided by k.
46
Let c(o) = o**2 - 18. Suppose -3*y = 4*l + 33 - 32, 2*y = 4*l + 26. Let i = -17 - -43. Calculate the remainder when i is divided by c(y).
5
Let h be (-1 + 1)*(3 + -6 + 4). Suppose -2*a - 5*o = -65, h*a = 5*a + o - 174. What is the remainder when a is divided by (-2)/7 - (-237)/21?
2
Let i(u) = 51*u - 707. Calculate the remainder when 631 is divided by i(18).
209
Let d(v) = v**3 - 6*v**2 + 5*v + 12. Let r be d(5). Calculate the remainder when 102 is divided by r + (-5)/(-30)*6.
11
Let d = -398 + 392. Calculate the remainder when (4536/(-21))/(d/4) is divided by 74.
70
Suppose 3*t + 3*r + 21 = 39, t - 3*r - 6 = 0. What is the remainder when 172 is divided by t?
4
Suppose -101 = 32*f - 33*f - 2*x, 2*x + 77 =